the remainder when 18 is divided by 10?
8
Calculate the remainder when 1489 is divided by 149.
148
What is the remainder when 96 is divided by 7?
5
What is the remainder when 817 is divided by 269?
10
Calculate the remainder when 3511 is divided by 14.
11
Calculate the remainder when 355 is divided by 119.
117
What is the remainder when 465 is divided by 135?
60
What is the remainder when 1308 is divided by 32?
28
Calculate the remainder when 3643 is divided by 110.
13
Calculate the remainder when 444 is divided by 56.
52
Calculate the remainder when 29 is divided by 11.
7
What is the remainder when 142 is divided by 29?
26
Calculate the remainder when 760 is divided by 192.
184
Calculate the remainder when 97 is divided by 38.
21
What is the remainder when 764 is divided by 41?
26
What is the remainder when 352 is divided by 346?
6
Calculate the remainder when 123 is divided by 64.
59
What is the remainder when 176 is divided by 87?
2
Calculate the remainder when 100 is divided by 26.
22
Calculate the remainder when 582 is divided by 13.
10
Calculate the remainder when 3133 is divided by 196.
193
What is the remainder when 273 is divided by 9?
3
Calculate the remainder when 335 is divided by 129.
77
What is the remainder when 307 is divided by 160?
147
What is the remainder when 6249 is divided by 202?
189
What is the remainder when 266 is divided by 45?
41
What is the remainder when 275 is divided by 6?
5
Calculate the remainder when 2350 is divided by 240.
190
What is the remainder when 5079 is divided by 563?
12
What is the remainder when 115 is divided by 46?
23
Calculate the remainder when 264 is divided by 14.
12
Calculate the remainder when 5822 is divided by 7.
5
What is the remainder when 344 is divided by 159?
26
Calculate the remainder when 349 is divided by 22.
19
Calculate the remainder when 2995 is divided by 24.
19
Calculate the remainder when 178 is divided by 104.
74
What is the remainder when 36 is divided by 9?
0
What is the remainder when 135 is divided by 131?
4
What is the remainder when 361 is divided by 73?
69
What is the remainder when 29 is divided by 14?
1
What is the remainder when 1750 is divided by 5?
0
What is the remainder when 241 is divided by 27?
25
Calculate the remainder when 2931 is divided by 267.
261
Calculate the remainder when 200 is divided by 12.
8
Calculate the remainder when 1058 is divided by 56.
50
Calculate the remainder when 1397 is divided by 3.
2
Calculate the remainder when 321 is divided by 103.
12
Calculate the remainder when 453 is divided by 33.
24
Calculate the remainder when 102 is divided by 16.
6
What is the remainder when 649 is divided by 21?
19
What is the remainder when 80 is divided by 9?
8
What is the remainder when 573 is divided by 96?
93
Calculate the remainder when 114 is divided by 29.
27
What is the remainder when 629 is divided by 128?
117
What is the remainder when 577 is divided by 147?
136
Calculate the remainder when 854 is divided by 57.
56
What is the remainder when 1083 is divided by 13?
4
Calculate the remainder when 2056 is divided by 110.
76
Calculate the remainder when 383 is divided by 119.
26
What is the remainder when 438 is divided by 34?
30
What is the remainder when 2482 is divided by 54?
52
What is the remainder when 68 is divided by 11?
2
What is the remainder when 181 is divided by 40?
21
What is the remainder when 103 is divided by 20?
3
What is the remainder when 194 is divided by 46?
10
What is the remainder when 1823 is divided by 12?
11
What is the remainder when 1817 is divided by 73?
65
What is the remainder when 855 is divided by 11?
8
What is the remainder when 1475 is divided by 41?
40
What is the remainder when 150 is divided by 14?
10
Calculate the remainder when 76 is divided by 13.
11
What is the remainder when 1137 is divided by 20?
17
Calculate the remainder when 8791 is divided by 157.
156
What is the remainder when 387 is divided by 75?
12
What is the remainder when 654 is divided by 75?
54
What is the remainder when 14683 is divided by 55?
53
What is the remainder when 65 is divided by 15?
5
What is the remainder when 594 is divided by 73?
10
What is the remainder when 5458 is divided by 21?
19
What is the remainder when 37 is divided by 35?
2
Calculate the remainder when 326 is divided by 57.
41
Calculate the remainder when 1530 is divided by 73.
70
What is the remainder when 5 is divided by 4?
1
Calculate the remainder when 422 is divided by 153.
116
Calculate the remainder when 4001 is divided by 29.
28
What is the remainder when 3621 is divided by 1810?
1
What is the remainder when 1547 is divided by 758?
31
Calculate the remainder when 190 is divided by 2.
0
Calculate the remainder when 55 is divided by 32.
23
Calculate the remainder when 1649 is divided by 168.
137
Calculate the remainder when 2459 is divided by 107.
105
Calculate the remainder when 48 is divided by 21.
6
Calculate the remainder when 555 is divided by 94.
85
What is the remainder when 199 is divided by 29?
25
Calculate the remainder when 2680 is divided by 44.
40
Calculate the remainder when 1356 is divided by 136.
132
What is the remainder when 15 is divided by 7?
1
Calculate the remainder when 6286 is divided by 131.
129
What is the remainder when 172 is divided by 3?
1
What is the remainder when 29 is divided by 18?
11
What is the remainder when 104 is divided by 37?
30
What is the remainder when 231 is divided by 9?
6
What is the remainder when 2440 is divided by 1213?
14
What is the remainder when 425 is divided by 71?
70
Calculate the remainder when 1149 is divided by 36.
33
What is the remainder when 371 is divided by 75?
71
Calculate the remainder when 3304 is divided by 54.
10
Calculate the remainder when 298 is divided by 144.
10
What is the remainder when 77 is divided by 2?
1
Calculate the remainder when 194 is divided by 62.
8
Calculate the remainder when 124 is divided by 23.
9
Calculate the remainder when 139 is divided by 52.
35
What is the remainder when 1843 is divided by 220?
83
Calculate the remainder when 16 is divided by 2.
0
What is the remainder when 341 is divided by 86?
83
What is the remainder when 172 is divided by 6?
4
What is the remainder when 647 is divided by 189?
80
Calculate the remainder when 412 is divided by 150.
112
Calculate the remainder when 347 is divided by 25.
22
Calculate the remainder when 69 is divided by 24.
21
Calculate the remainder when 207 is divided by 23.
0
What is the remainder when 898 is divided by 12?
10
Calculate the remainder when 187 is divided by 23.
3
Calculate the remainder when 1156 is divided by 166.
160
What is the remainder when 720 is divided by 65?
5
What is the remainder when 5798 is divided by 232?
230
What is the remainder when 443 is divided by 75?
68
Calculate the remainder when 423 is divided by 24.
15
What is the remainder when 206 is divided by 43?
34
Calculate the remainder when 139 is divided by 42.
13
What is the remainder when 653 is divided by 58?
15
Calculate the remainder when 646 is divided by 224.
198
What is the remainder when 1541 is divided by 105?
71
What is the remainder when 233 is divided by 35?
23
Calculate the remainder when 5359 is divided by 40.
39
What is the remainder when 247 is divided by 31?
30
What is the remainder when 239 is divided by 61?
56
Calculate the remainder when 293 is divided by 54.
23
Calculate the remainder when 683 is divided by 19.
18
What is the remainder when 538 is divided by 12?
10
What is the remainder when 221 is divided by 50?
21
What is the remainder when 40 is divided by 27?
13
What is the remainder when 695 is divided by 141?
131
What is the remainder when 10023 is divided by 14?
13
Calculate the remainder when 2534 is divided by 169.
168
Calculate the remainder when 447 is divided by 41.
37
What is the remainder when 642 is divided by 23?
21
What is the remainder when 306 is divided by 13?
7
What is the remainder when 6950 is divided by 44?
42
What is the remainder when 183 is divided by 31?
28
What is the remainder when 625 is divided by 60?
25
What is the remainder when 155 is divided by 34?
19
What is the remainder when 132 is divided by 3?
0
What is the remainder when 37128 is divided by 107?
106
Calculate the remainder 